f(g) - 3*o(g). Give x(a).
-6
Let o(s) = s**3 + 5*s**2 + 5*s. Let x be o(-4). Let f = 3 + x. Let p(v) be the first derivative of v**2 + v + 8. Calculate p(f).
-1
Let p be 4/(-1)*(-2)/8. Suppose 3*u - 16 - 2 = 0. Let b(v) = v + v**2 + u*v + p - 5 - 3*v. What is b(-5)?
1
Let v be 60/18*36/20. Let y(l) = -l**2 + 4*l + 4. What is y(v)?
-8
Let p(z) = z - 4. Let d be p(3). Let r = 11 - 8. Let x(l) = 4*l**3 - l + 3*l**r + 2*l. Calculate x(d).
-8
Let b = 0 - -2. Suppose -5*x - 28 = 3*a, 5*a = b*x + 6 - 1. Let f(j) = 4 + j + 0*j + j. What is f(x)?
-6
Let l(o) = o**2 - 5. Let z(r) = -4*r**2 + 14*r + 8. Let h be z(4). Determine l(h).
-5
Let v(l) = 0 - 4 + 3*l + 3. Let u(s) = s - 5 - 1 + 2*s**3 - s**3 - 3 - 8*s**2. Let p be u(8). Determine v(p).
-4
Let l(b) = 2*b - 4. Let s(r) = -3*r + 21. Let o be s(8). Let n be 2/(-6) + 7/3. Let c(j) = j - 3. Let y(f) = n*l(f) + o*c(f). Give y(3).
4
Let s(f) = f**3 - 11*f**2 - 12*f + 8. Let l be s(12). Let c = l - 8. Let n(o) = -o**2 - 1. Determine n(c).
-1
Suppose 0*t - 24 = -4*t. Let g(k) = -k + 3. What is g(t)?
-3
Let k be (-2)/(-4 - -3) - 1. Let b(t) be the first derivative of k + 1/2*t**2 + 4*t. Calculate b(0).
4
Let t(u) = -u**3 + 6*u**2 + 9*u - 4. Let n(i) = -i + 11. Let y be n(8). Let g(w) = -w**3 + 2*w**2 + 5*w + 1. Let p be g(y). Determine t(p).
10
Let a(h) = -1. Let b(w) = -w. Let x(p) = -4*a(p) - 3*b(p). Calculate x(-5).
-11
Let x = 1 + -4. Let o(g) = -11*g**3 - 18*g**2 + 17*g - 2. Let y(f) = -5*f**3 - 8*f**2 + 8*f - 1. Let a(w) = -6*o(w) + 13*y(w). What is a(x)?
2
Let u(f) = -3*f - 20. Let k(s) = -s - 1. Let b(i) = 4*k(i) - u(i). Give b(11).
5
Let a(n) = -n**3 + 7*n**2 + 9*n - 3. Let v(p) = -5*p + 8. Let i be v(0). Determine a(i).
5
Let t = 85 + -85. Let x(z) = -z**3 + z**2 + 2*z - 9. Let m(b) = -2*b**3 + 4*b**3 - b**2 - 3*b + 0*b**3 + 9. Let p(k) = -2*m(k) - 3*x(k). Determine p(t).
9
Let r(o) be the second derivative of -o**4/12 - o**2 + o. Suppose 0*q - 4 = 2*q. What is r(q)?
-6
Let s(l) = 7*l**3 + l**2 + 8*l + 4. Let g(q) = 15*q**3 + q**2 + 16*q + 8. Let j(n) = -6*g(n) + 13*s(n). Calculate j(-6).
-8
Suppose 4*p + 4*q = -12, 0 = 3*p - p + 3*q + 8. Suppose 2*j - 26 = -4*o, -3*j - o - 4*o + 36 = 0. Let y(b) = -2 - j*b - b + 1. Calculate y(p).
7
Let f(t) = -t - 3. Let b(w) = 1. Let g(k) = -b(k) + f(k). Let a be g(-5). Let q(i) = -2*i**2 + 12*i + 2*i**2 + 11*i**3 - 14*i + 1. Calculate q(a).
10
Let s(g) = 19*g - 1. Let d(p) = -34*p + 2. Let l(f) = 6*d(f) + 11*s(f). Suppose -18 = -3*o + 5*a, 0 = -5*o + 2*a + 7 + 4. What is l(o)?
6
Let w(g) = g**2 + 3*g - 6. Suppose 0 = q + 1, -4*c + 5*q = c + 20. Give w(c).
4
Suppose 5*p + 4*j = 26, -p + 0*p + 3*j = 10. Let x(m) be the third derivative of -m**6/60 + m**5/20 - m**4/24 - m**3/6 - 15*m**2. Give x(p).
-7
Suppose 47 = 5*o - 4*i, 4*i - 12 = -4*o + 4. Let m = o + -12. Let t(a) = -3*a - 7. Calculate t(m).
8
Let z(c) = c**2 + 7*c - 3. Let h(n) = n**2 + 6*n - 4. Let r(p) = 4*h(p) - 3*z(p). Determine r(-6).
11
Let l = 4 - 6. Let a(m) be the first derivative of -m**4/4 - 2*m**3/3 - m + 3. Determine a(l).
-1
Let v(y) = 14*y**3 + 18*y**2 - 12*y - 11. Let u(m) = -5*m**3 - 6*m**2 + 4*m + 4. Let x(k) = 17*u(k) + 6*v(k). Calculate x(4).
18
Let v(k) = 2*k - 1. Suppose 0 = i - 5*i + 16. Calculate v(i).
7
Suppose 5*q + 4*q = 45. Let b(o) = o**3 - 6*o**2 + 7*o - 4. Determine b(q).
6
Let z(i) = -5*i + 1. Let t be z(1). Let h(y) = y**3 + 4*y**2 + 2*y - 1. Calculate h(t).
-9
Let a(p) = -4*p**3 + p**2. Suppose -5 = -5*t + 5*r, 0 = -3*t + r - 2 + 3. Let w = t + 1. Calculate a(w).
-3
Suppose -n + 6 = -7. Let s = n + -4. Let r = 4 - s. Let c(t) = t + 12. Determine c(r).
7
Suppose 0 = -u + 6*u - 20. Let v(l) = l**2. Let f(b) = 4*b**3 - 4*b**2 + b + 1. Let q(j) = u*v(j) + f(j). Determine q(-1).
-4
Let p(g) = 2 - 4*g + 1 + 10*g. Let y(w) = w**3 + w**2 + 14. Let n be y(0). Let t be 1/3 + n/(-6). Determine p(t).
-9
Let y(u) = u**2 + 5*u - 8. Let i(q) = -2*q + 10. Let o(d) = -2*d + 11. Let n(p) = -5*i(p) + 4*o(p). Let l be n(0). Give y(l).
-2
Let m(f) be the third derivative of f**4/24 + 2*f**3/3 + f**2. Let q = 26 + -29. Give m(q).
1
Let z(p) = 6*p**2 - 6*p**2 - 9*p**3 - 1 + 2*p + 13*p**3. Calculate z(1).
5
Suppose 0 = -5*n + 5 + 10. Let l(j) = 3*j - n + 0*j**2 - j**2 + 2*j + 6. Give l(5).
3
Let a(f) = -f - 5. Let n be a(-4). Let u(r) = 7*r + 1. What is u(n)?
-6
Let w(d) = d**3 - 7*d**2 - 2*d + 5. Let j be w(7). Let p = 16 + -8. Let l = j + p. Let c(n) = 6*n + 1. Calculate c(l).
-5
Let v(b) = 4*b**3 - 2*b**2 - 3*b**3 + 0*b**3 - 4*b. Let h = -13 - -18. Suppose 2*a + 2*a + 3*m - 9 = 0, -h*a + 14 = m. What is v(a)?
-3
Let k = -20 - -20. Suppose 2*j - 3 - 1 = k. Let l(n) = 3*n - 1. Determine l(j).
5
Suppose 5*s - 20 = 0, -5*k + 2*s - 6 = -2*s. Let q(d) = -4*d. Give q(k).
-8
Let m(p) = -p + 3. Let h(y) = 0*y - y - 10 + 4*y. Let k(t) = -2*h(t) - 7*m(t). Suppose -4*b = -2*z - 6, 3*b + 4*z + 0*z - 21 = 0. Give k(b).
2
Let v = -23 - -20. Let c(b) be the first derivative of -b**2 - 2*b - 1. Give c(v).
4
Let a(f) be the first derivative of -1/2*f**2 - 7/6*f**3 - 3 - 2*f. Let y(t) be the first derivative of a(t). Determine y(1).
-8
Let s(w) = w + 6. Suppose -c - 4*n + 7 = 0, 7*c - 4*c + 4*n + 11 = 0. Give s(c).
-3
Let o(m) = 4 + m + 6 - 15*m. Let v(p) = 5*p - 3. Let x(r) = -6*o(r) - 17*v(r). Suppose 5*y + 23 = 3. Give x(y).
-5
Let b(c) = -c**3 + 5*c**2. Let w(m) = -m**2 + 7*m + 5. Let x be w(7). Calculate b(x).
0
Let d(k) = 7*k**3 + 4*k**2 + 3*k - 1. Let w(x) = -x**3 - x**2 - x. Let r(o) = -d(o) - 5*w(o). Let v be 3/2*14/(-21). Calculate r(v).
2
Let w(s) be the third derivative of s**4/24 + 2*s**3/3 - 3*s**2. Calculate w(0).
4
Let j(o) = -o**3 + 4*o**2 - 3*o - 2. Let c = 15 - 12. What is j(c)?
-2
Suppose 3 = 2*x - 7. Let r be 8/6 - 4/(-6). Let f(i) = -i**r + x*i - 4 - i + 0 - i**2. What is f(3)?
-10
Let m(t) = -4*t + 4. Let c(n) = 3*n - 3. Let p(o) = 5*c(o) + 4*m(o). Let s(r) = -r**2 - 5*r + 1. Let y be s(-5). What is p(y)?
0
Let j(w) = 2*w**2 - w - 4. Let i be j(-2). Let m(r) = -3*r + 1. What is m(i)?
-17
Let g(o) = -o**3 - 6*o**2 - 4*o + 6. Let x be g(-5). Let t(l) = -6*l**2 - l + 1. Determine t(x).
-6
Let k(h) be the first derivative of 11*h**4/4 - h**2 - h + 38. Determine k(-1).
-10
Let i(q) = 7 - 3*q**3 + 2*q**3 + 11. Give i(0).
18
Let l = -61 - -56. Let s(b) = -b**3 - 6*b**2 - 2*b - 1. What is s(l)?
-16
Let h(t) = t**2 + t - 1. Let o(x) = 9*x**2 + 7*x - 5. Let n(g) = 6*h(g) - o(g). Let w(d) = -d**3 + d**2 + d + 1. Let k be w(2). Give n(k).
-3
Let j(k) = 6*k**3 + 5*k**2 - 3*k - 1. Let h(w) = w**3 - 3 - w + 3. Let r(o) = -5*h(o) + j(o). Calculate r(-4).
7
Let l(y) be the first derivative of -y**4/4 - y**3 - y + 5. Determine l(-3).
-1
Let t = -5 + 10. Suppose -3*h + 16 = -0*h + 2*c, t*h - 30 = -4*c. Let u be -2 + 3 + (-6)/h. Let q(j) = -2*j**2 - 2*j. Determine q(u).
-4
Let n(d) = 2*d**2 - 7*d + 6. Let a(j) = j**2 - 4*j + 3. Let m(k) = -5*a(k) + 2*n(k). Give m(6).
-3
Suppose -20 = -5*w + g, 10 = -5*w + 3*w + 4*g. Let q(z) = -w*z**3 + z + 2*z**3 + 2*z**3 - 4. Let u be -1*(0 - 1) + -1. Give q(u).
-4
Let l(s) = -s**3 - 6*s**2 - s - 3. Let q be (3 - (-2 + 13)) + 2. Calculate l(q).
3
Let r(p) be the third derivative of p**6/120 + p**5/20 - p**4/12 - p**3/6 + 7*p**2. Determine r(-3).
5
Let x(g) = -g**2 - 7*g - 5. Let i be (-96)/15 - (16/10 + -2). Determine x(i).
1
Suppose 0 = -3*z - 3*h - 1 + 10, 0 = 3*h - 12. Let m(a) = 4*a**2 + a + 1. Let i be m(-1). Let s(c) = -i*c**2 - c**3 + c**2 - 1 - 2*c + 2*c**2. Determine s(z).
1
Let d be 6/(2 + 0/(-2)). Let b = 3 - d. Let i(v) = 16*v - 14. Let s(f) = 3*f - 3. Let j(n) = -2*i(n) + 11*s(n). Give j(b).
-5
Let p be 0*(-3)/(-9)*3. Let g(b) = 5*b**2 + b**3 + p*b + 1 - b - b**2. Give g(-4).
5
Let b be (1/(-3))/(4/(-24)). Let n be 5/(0 - -1) - b. Let x(g) = 0 + 2 + 2*g + g**2 - 1 - 3*g**n. Give x(-1).
3
Let l(a) = -a + 3. Let u(j) = 4*j**2 + 5 - 3*j**2 - 2 + 8*j. Let m be u(-8). Let n be -2 + 2 + m - 3. Determine l(n).
3
Let f(l) be the second derivative of l**4/6 - l**3/6 + 6*l. What is f(2)?
6
Suppose -5*t - 4*u - 25 = -6*u, -2*u = -2*t - 10. Let q be 14/2 + (-6 - -4). Let l(k) = -3*k - 5. Let n(s) = 7*s + 9. Let j(h) = q*l(h) + 2*n(h). What is j(t)?
-2
Let g(o) be the second derivative of o**5/20 - o**4/4 + o**3/2 - o**2/2 + 14*o. Give g(3).
8
Let z(i) = 4*i - 2. Let 